 + 0*k = -3*n - w. What is the highest common divisor of 18 and k?
9
Let t(q) = 12*q - 1. Let u be -4*(-5)/(-30)*6/(-4). Let d be t(u). What is the greatest common divisor of 11 and d?
11
Let z = 126 + -101. What is the highest common factor of z and 425?
25
Let l = 46 - 36. Let f be 40/l - -1*52. What is the highest common divisor of f and 7?
7
Suppose -15*d = -25*d + 290. What is the highest common factor of d and 493?
29
Let f(h) = h**3 - 4*h**2 + h - 2. Suppose -5*u - 3*m + 5*m = -22, -5 = 5*m. Let s be f(u). Calculate the highest common divisor of 6 and s.
2
Suppose 5*x - 924 = 2*o, 12*x + 2*o = 15*x - 552. Calculate the greatest common factor of x and 1581.
93
Suppose 0 = u - 11 - 5. Let d(v) = -v + 67. Let a be d(u). What is the greatest common factor of a and 34?
17
Suppose 43 = 3*h - 5*m - 25, -4*m = -20. Suppose 2*r = 10, 5*c - 1462 = -5*r - 352. What is the highest common factor of h and c?
31
Suppose -2*x = g + 2*g - 32, -2*g + x + 26 = 0. Suppose 80 = g*j - 7*j. Calculate the highest common factor of j and 2.
2
Suppose -4*b - 3*n = -128, 3*b - n = 32 + 77. What is the highest common divisor of 20 and b?
5
Suppose 6*b + 28 = 2*b. Let y(p) = p**2 - 2*p - 8. Let l be y(b). Calculate the greatest common divisor of 11 and l.
11
Suppose 29*o - 1092 = 3*o. Let w(h) be the second derivative of 7*h**4/6 - h. Let f be w(-1). Calculate the highest common factor of f and o.
14
Suppose -41*a = -4034 - 1829. What is the greatest common divisor of 88 and a?
11
Suppose 0 = 9*w - 4*w. Suppose w = -4*g - 3*g + 56. What is the greatest common divisor of g and 2?
2
Suppose 0*w = -7*w + 28. Suppose -4*i + 0 = -16. Suppose 0 = -w*j + 4 + i. What is the greatest common divisor of 1 and j?
1
Let f be (-2157)/(-36) + 14/168. Let s(a) = 4*a + 6. Let z be 1*-5*(-24)/20. Let u be s(z). What is the highest common divisor of f and u?
30
Let h be 57/9 + (-4)/(-6). Suppose 0*x - 4*l + 40 = 4*x, 0 = -3*x - 5*l + 40. Suppose -69 = -x*c + 176. What is the highest common divisor of c and h?
7
Let t be (-1)/((-1)/(-26)*-2). Let d(a) = -2*a**2 - 7*a - 23. Let j be d(-11). Let x = -110 - j. What is the greatest common divisor of t and x?
13
Suppose 16*i + 430 = 26*i. What is the greatest common divisor of 43 and i?
43
Let a(k) = 5*k**2 + 10*k - 13. Let q be a(3). Suppose 23*m + q - 384 = 0. What is the greatest common divisor of m and 14?
14
Let f(b) = 32*b + 6. Let w be f(6). Calculate the highest common factor of w and 22.
22
Let x = 25 + -22. Let q = x - -17. Let j be 504/q + 4/5. Calculate the highest common divisor of j and 65.
13
Suppose -3*l + 2 + 1 = 0, 0 = 2*x - 2*l - 70. Let b = 16 + -10. Let u be (9/b)/((-6)/(-16)). Calculate the highest common divisor of x and u.
4
Let j(q) = -q**3 - 13*q**2 - 2*q - 50. Let x be j(-21). Let p be ((-2)/5)/(-1) + x/200. Calculate the highest common divisor of p and 90.
18
Let q = -41 - -59. Suppose -4*i = -2*i + 52. Let g = i + 38. Calculate the highest common factor of q and g.
6
Suppose 15*i - 291 = -2*d + 16*i, -d + 163 = -4*i. What is the greatest common divisor of d and 13?
13
Let j = 1261 + -566. What is the greatest common factor of j and 5?
5
Let r(t) = -t + 7. Let g(h) = -h**2 - 9*h - 14. Let y be g(-6). Let n be r(y). Calculate the highest common divisor of n and 1.
1
Let d = 834 + -546. What is the greatest common divisor of d and 384?
96
Suppose -10*h + h = 0. Suppose h*a = 5*a. Suppose 234 = 2*m - a*m. Calculate the greatest common factor of 13 and m.
13
Let p = 26 + 78. Let j(z) = -335*z - 322. Let c be j(-1). Calculate the greatest common factor of p and c.
13
Suppose -2*j - 23*j = -21350. What is the greatest common factor of j and 488?
122
Let o = 188 - 349. Let v = o - -70. Let x = v + 171. What is the greatest common factor of 20 and x?
20
Suppose 4*k + v = 23 + 183, -k = 4*v - 44. Calculate the highest common factor of k and 26.
26
Suppose -3*v + 3*f = 17 + 1, -5*v + 2*f = 39. Let o(y) = y**2 + 10*y + 14. Let s be o(v). Calculate the highest common factor of 55 and s.
5
Let a(q) = q**2 - 2*q + 1. Let t be a(5). Suppose -k - t = -h + k, -2*k - 88 = -5*h. Let m be 3/h + 1038/36. What is the highest common divisor of m and 145?
29
Suppose u - 9283 = -5*b, -5*u - 1018 - 4535 = -3*b. Calculate the greatest common divisor of 29 and b.
29
Suppose -764 = -15*y - 3254. Let b = -31 - y. What is the greatest common factor of 15 and b?
15
Let p(r) be the first derivative of r**2/2 + 23*r + 17. Let j be p(16). What is the highest common factor of j and 13?
13
Suppose r - 27 = -15. Let b be 178/r + (39/(-18))/(-13). What is the greatest common divisor of b and 5?
5
Let a = 24 - 30. Let l be a/1*((-5)/(-2))/(-1). What is the highest common divisor of l and 10?
5
Let j(l) = -277*l**2 + l - 1. Let q be j(1). Let i = -167 - q. What is the greatest common factor of i and 10?
10
Suppose 4*p - 209 = -o + 4*o, 2*p = -3*o + 127. What is the highest common factor of p and 32?
8
Let i = -228 + 230. Calculate the highest common divisor of i and 2.
2
Let u be ((-104)/52)/((-3)/78). Calculate the greatest common factor of u and 2.
2
Suppose -3*z = -4*a - 295, -2*z - 4*a + 245 = 15. Let o = z - 75. Calculate the highest common factor of o and 20.
10
Let r = -560 - -578. Calculate the highest common divisor of r and 45.
9
Suppose 69 = s - 74. Let k = -63 + s. Calculate the highest common divisor of k and 200.
40
Let k = -1810 - -2548. What is the greatest common factor of 18 and k?
18
Let p(a) = 55 - 13*a + 61 - 115. Let y be p(-3). Let o(s) = 7*s**2 - s. Let m be o(-1). What is the highest common divisor of m and y?
8
Let u = -486 + 703. What is the greatest common divisor of 7 and u?
7
Let i = 44 + -30. Calculate the highest common divisor of i and 224.
14
Suppose 2*c - 1474 = -2*c - 3*x, -x = 4*c - 1478. Calculate the highest common factor of 444 and c.
74
Suppose 5*l - 64 = -n, -9*n = -5*l - 5*n + 69. Calculate the greatest common divisor of 598 and l.
13
Let z be (-4)/10 - (-333)/45. Let d = -2 - z. Let b be (-12)/d + (-1)/3. What is the greatest common factor of 9 and b?
1
Let y(k) = -k**2 + 8*k + 8. Let p be y(6). Let u be (-5)/(p/(-8))*39/6. Calculate the highest common factor of 52 and u.
13
Let o(q) = -q**2 - 14*q - 7. Let c(p) = p**2 + 14*p + 7. Let h(i) = -6*c(i) - 5*o(i). Let a be h(-7). Calculate the greatest common factor of 6 and a.
6
Let o be (-42)/28*(3 - 4)*2. Suppose 0 = -a - 0*a + 2. Calculate the greatest common divisor of a and o.
1
Suppose 25*w = 4*u + 27*w - 11308, 11328 = 4*u - 3*w. Calculate the highest common factor of u and 23.
23
Suppose -5*n - 2*n - 147 = 0. Let t = n + 31. What is the highest common factor of t and 10?
10
Let w(a) = -6*a + 207. Let q be w(21). Calculate the highest common factor of q and 6.
3
Suppose 87 = 9*l - 102. Let o = 2 - 0. Suppose 0 = 2*y, 0*c - 5*y - 6 = -o*c. Calculate the greatest common factor of l and c.
3
Suppose 0 = 4*u - 3*i - 3, -4*i - i + 9 = -2*u. Suppose -3*k + 3*w + 144 = -9, -5*k + 231 = u*w. Calculate the greatest common divisor of k and 6.
6
Suppose -12 = -9*v + 96. Calculate the greatest common factor of v and 96.
12
Let x = -17 - -26. Let r(n) = 0*n + 5*n - x*n. Let w be r(-2). Calculate the greatest common divisor of w and 64.
8
Let z = -199 + 431. Calculate the greatest common divisor of z and 29.
29
Let i = 23 - 10. Suppose 0 = -3*b + 5*b. Suppose -f + b*f = -52. What is the greatest common factor of f and i?
13
Suppose 2*w - 54 = -4*y, 3*w - 77 = -0*w - 4*y. Calculate the greatest common factor of w and 207.
23
Let m be ((-3)/(-2) - 2)*-4 - -3. Calculate the greatest common divisor of m and 115.
5
Let o = -661 - -965. Calculate the greatest common factor of 48 and o.
16
Let i be ((-188)/2)/(-2) + -2. Suppose -4*g + 4*g - g + 30 = 0. What is the greatest common factor of i and g?
15
Let f = 1569 + -1549. Let n(p) = 41*p - 2. Let x be n(2). Calculate the greatest common factor of x and f.
20
Let x = 46 - 28. Let i = 6 - 1. Suppose -5*r = -5*f + 10, -i*r - 2*f = 2*f - 26. What is the highest common factor of x and r?
2
Suppose 3*p - 8 - 7 = 0. Suppose -3*c + 158 = p*i, 0*i + 272 = 5*c + 4*i. What is the greatest common divisor of 8 and c?
8
Suppose 12*n - 9*n = 48. Suppose 5*m = o - 85, o - 131 + n = -5*m. What is the highest common factor of o and 20?
20
